en h(n) is divided by 25?
3
Let z be (1 - 2 - -2)*-1. Let o(c) = -44*c + 3. Suppose -2*x - 27 + 76 = r, 0 = 5*x - 4*r - 129. What is the remainder when o(z) is divided by x?
22
Let o(s) = -s - 7. Let j be o(-12). Let z = 16 - j. What is the remainder when 98 is divided by z?
10
Suppose 30*p - 26*p = 62304. Suppose 40*k - 7*k - p = 0. Calculate the remainder when k is divided by 19.
16
Let j(i) = -i**3 - 23*i**2 - 115*i + 2. What is the remainder when 320 is divided by j(-7)?
21
Suppose -10*t + 12*t = -21*t - 598. Suppose 2*c + 0*c = 138. Let j = t + c. Calculate the remainder when 212 is divided by j.
40
Let j = 64 + 58. Let r = 722 + -719. Suppose r*i + 77 = 203. What is the remainder when j is divided by i?
38
Calculate the remainder when 943 is divided by (-14)/2*(-11)/((-242)/(-946)).
40
Suppose 36 + 255 = -5*v + b, -172 = 3*v + 2*b. What is the remainder when 61 is divided by v/232 + (-194)/(-8)?
13
Suppose -3*s + 58 = -u, -5*u + s - 220 = -0*u. Let z = 95 + u. Calculate the remainder when z is divided by 6.
4
Let o = 3374 + -2652. Calculate the remainder when o is divided by 21.
8
Let r(i) = 3*i**2 + 21*i + 184. What is the remainder when r(-9) is divided by 4?
2
Let a(k) = -12*k + 938. Calculate the remainder when 1034 is divided by a(57).
18
Suppose -254*w - 40*w = -77616. Calculate the remainder when 20326 is divided by w.
262
Let f(j) = -6*j - 16. Let k = -33 - -185. Calculate the remainder when k is divided by f(-7).
22
Let x = 9 - 203. Let u = 236 + x. Calculate the remainder when 125 is divided by u.
41
Let j(o) = o**3 + 30*o**2 - 12*o + 43. Calculate the remainder when j(-30) is divided by 58.
55
Suppose 15 - 455 = -p - 5*i, 3*p - 5*i = 1220. Let g = -565 - -578. What is the remainder when p is divided by g?
12
Let k = 48 - 37. Suppose 8*x = 11*x + 6*x. Suppose -5*h - 24 = 5*i - 194, -h + 4 = x. Calculate the remainder when i is divided by k.
8
Let m = -22038 + 22143. What is the remainder when 261 is divided by m?
51
Let q = -495 + 507. What is the remainder when 16*((-19)/(-4) - 2) is divided by q?
8
Let y(c) = c + 27. Let x(r) = -r**2 - 22*r - 28. Let v be x(-20). What is the remainder when 272 is divided by y(v)?
38
Let t(i) = 8*i + 1. Let z(u) = -37*u + 1 + 61*u + 32. What is the remainder when z(0) is divided by t(1)?
6
Let n be 0 + 0 - (-61 + 57). Suppose i - 36 = -4*g + 9, n*g - 95 = -3*i. What is the remainder when 33 is divided by i?
8
Suppose 0 = 3*x - 5 - 7. Let p(i) = -i**3 + 5*i**2 + 2*i - 6. What is the remainder when ((-16)/(-2) - 7)*(86 + 0) is divided by p(x)?
14
Let m(v) = 1016*v - 8009. Suppose -2*s + 3*s = 5. Suppose 63 = 4*l - s*h, 57 = 4*l - 3*h - 0. What is the remainder when m(8) is divided by l?
11
Suppose -5*n - 5 = -y - 25, -3*n = 5*y - 40. Suppose 380 - 40 = y*h. Let b(x) = 15*x + 693. Calculate the remainder when h is divided by b(-45).
14
Let v = -355 - -349. Calculate the remainder when 4 is divided by v/4 - 18/(-4).
1
Suppose 3*w = -w. Suppose w = -19*k + 14*k - 160. Let u = k - -49. Calculate the remainder when 67 is divided by u.
16
Let n be 10/(-55) + 4068/(-11). Suppose -18*h = -19*h + 522. Let x = n + h. What is the remainder when x is divided by 26?
22
What is the remainder when 1 - (-3325)/115 - (-10)/115 is divided by 27?
3
Suppose 0 = -6*h - 11 - 1. Let k(x) = -2*x - 1. Let r be k(h). Suppose 4*b - 27 = -4*t + b, 0 = -2*t + r*b - 9. Calculate the remainder when 5 is divided by t.
2
Suppose 0*r = -14*r - 9436. Let y = r + 714. Calculate the remainder when 199 is divided by y.
39
Let s = -539 - -837. Let o = s + -274. What is the remainder when 95 is divided by o?
23
Let t = 6 + -1. Let o = -606 - -321. Calculate the remainder when (o/(-20))/(3/12) is divided by t.
2
Let z(k) = 23*k + 10. Let j = -1407 - -1432. What is the remainder when z(7) is divided by j?
21
Suppose -10*p - 57 = -77. Let f(v) = 11*v - 12. Calculate the remainder when 11 is divided by f(p).
1
Let g = 2153 + -1347. Let y = 875 - g. What is the remainder when y is divided by 31?
7
Let v = -130 + 136. Suppose -v = 2*h - 54. Calculate the remainder when 215 is divided by h.
23
Let s(l) = -l**3 - 16*l**2 - 28*l + 97. Calculate the remainder when s(-15) is divided by 131.
30
Let i(s) = -1897*s + 30363. Let w = -360 + 687. Calculate the remainder when w is divided by i(16).
8
Suppose -9758 = -547*x + 530*x. Calculate the remainder when x is divided by 24.
22
Suppose 2*q - 756 = -q. Suppose -4*x + 72 - 112 = 0. What is the remainder when 32 is divided by 6/x - q/(-45)?
2
Suppose 2*w - 13 = -5*i, 3*w - 5*i = -0*i + 32. Suppose 186 = 5*q - v, 2*q + 6*v = w*v + 77. What is the remainder when 293 is divided by q?
34
Suppose 0 = 22*d - 9*d - 585. What is the remainder when 55/(-20)*-14*80/35 is divided by d?
43
Suppose -w = -10 + 5. Suppose 4*l + 3*d - 4*d = 72, 115 = w*l + 5*d. Calculate the remainder when 70 is divided by l.
13
Let i be 7 - (7 + -4) - 24. Let l = i - -32. Calculate the remainder when 4/(-22) - 2124/(-66) is divided by l.
8
Suppose -5*z + 3*y = 2*y - 17, 4*y - 8 = z. Let n be 15/(-9)*(1 - z). Let c = 24 + n. What is the remainder when c is divided by 10?
9
Let d(n) = n**3 - 14*n**2 + 2*n - 5. Let u be d(14). Let q = 30 - u. Suppose -q*b = -3*b - 248. What is the remainder when b is divided by 13?
10
Let x(d) = -2*d**3 + 167*d**2 - 254*d + 657. What is the remainder when (-6)/12 + 54/4 is divided by x(82)?
0
Suppose 2*s + 34 + 38 = 5*r, 4*r - 16 = 0. Let m = s - -54. Let z = 810 + -760. Calculate the remainder when z is divided by m.
22
Let n = -13527 + 16709. Calculate the remainder when n is divided by 65.
62
Suppose -4*c + 153 = -3*c + 5*o, 0 = 4*c - 4*o - 564. What is the remainder when 433 is divided by c?
4
Suppose -3*h = z - 48, -4*h - z = -5*z - 80. What is the remainder when 1495 is divided by h?
16
Suppose 0 = 2*d - 5*r + 433, -2*d + 656 = -5*d + r. Let w = d + 305. Calculate the remainder when w is divided by 30.
26
Suppose -c + 2*u + 172 = 0, 5*c - c - 3*u - 713 = 0. Calculate the remainder when 3*c/18 - (-30)/18 is divided by 25.
7
Let n(h) = -h + 43. What is the remainder when ((-1128)/(-4))/(1 + 2 + -1) is divided by n(14)?
25
Suppose -4*n + 11*d = 8*d - 573, 4*d - 20 = 0. Let v(k) = -k + 4. What is the remainder when n is divided by v(-2)?
3
Suppose 0 = -17*u + 28409 - 3606. What is the remainder when u is divided by 208?
3
Let m = 19 - 34. Let d = 12 + m. Calculate the remainder when 40 is divided by (-22)/(-7)*(4 - d).
18
Suppose -117*o + 45*o = -45360. Calculate the remainder when o is divided by 215.
200
Let j = 71 + -69. Let p(l) = j*l - 28*l**3 + 3 - 23*l**3 - 13*l**3. What is the remainder when p(-1) is divided by 14?
9
Let y be (1/3*2)/(24/(-2556)). Let u = y + 75. Calculate the remainder when 27 is divided by u.
3
Let m(q) = 4*q - 60. Let d(k) = -3*k**3 - 11*k**2 - k - 2. Let f be d(-4). Calculate the remainder when 21 is divided by m(f).
9
Let j(z) = 4*z + 9. Let u be j(14). Let b = -28 + 79. Calculate the remainder when b is divided by (-2)/((30/u)/(-3)).
12
Let y(u) = -9 - 8 + 155*u - 157*u - 2. Calculate the remainder when y(-17) is divided by 13.
2
Let c be (-1331)/(-33) - (-3)/(-9). Suppose 155*d - 153*d - c = 0. Calculate the remainder when d is divided by 17.
3
Suppose 162*i - 42904 = 99494. Calculate the remainder when i is divided by 56.
39
Let w(s) = -1409*s + 41. Let r = 191 + -112. Calculate the remainder when r is divided by w(0).
38
Let v be 4 - (-36)/(-4) - (3 - 7). Let d(c) = -65*c - 3. Calculate the remainder when d(v) is divided by 8.
6
Suppose -3*x = -0*x - 15. Let k = x + 8. Let d = 49 - k. Calculate the remainder when d is divided by 13.
10
Let u = -15442 - -18255. Calculate the remainder when u is divided by 5.
3
Suppose -2688*o = -2634*o - 8100. Suppose y + y - 4*u = 56, -3*y + u + 69 = 0. What is the remainder when o is divided by y?
18
Suppose -4*o - 5*r + 17 = -o, -5*o + 2*r + 49 = 0. What is the remainder when 118 is divided by 12/(-8)*(-102)/o?
16
Let m = 212 + -80. Let u = 242 - m. What is the remainder when u is divided by 28?
26
Calculate the remainder when 712/534*(1 + (-2433)/(-6)) is divided by 31.
15
Let u(b) = -b**3 + 12*b**2 + 2*b - 4. Let d be (-24)/(-16)*(-66)/(-9). What is the remainder when u(d) is divided by 49?
41
Let v(j) = 5*j**2 + j + 3. Sup